{"id":116,"date":"2022-10-26T08:30:34","date_gmt":"2022-10-26T06:30:34","guid":{"rendered":"https:\/\/sarah.knop.family\/?page_id=116"},"modified":"2023-03-23T09:58:39","modified_gmt":"2023-03-23T08:58:39","slug":"workshops","status":"publish","type":"page","link":"https:\/\/www.sarah-herzlich.de\/?page_id=116","title":{"rendered":"Angebotsformate"},"content":{"rendered":"\n<p class=\"has-large-font-size\">Qi Gong <\/p>\n\n\n\n<p>Durch das regelm\u00e4\u00dfige Praktizieren von Qi Gong wird der Energiefluss im K\u00f6rper reguliert und harmonisiert, die Organe werden angeregt und gest\u00e4rkt und die kleinen feinen Blutgef\u00e4\u00dfe werden wieder besser versorgt. Zus\u00e4tzlich werden die Muskeln gest\u00e4rkt und Blockaden gel\u00f6st. Krankheit wird vorgebeugt und bestehende Krankheiten k\u00f6nnen gelindert werden.&nbsp;<\/p>\n\n\n\n<p>Es gibt verschiedene Qi Gong Formen mit unterschiedlichen Wirkungen. Je nach Zielgruppe und Wunsch der Gesch\u00e4ftsf\u00fchrung k\u00f6nnen einzelne Formen im Rahmen von 10 Stunden Projektartig angeboten werden, hierbei w\u00e4re es von Vorteil, wenn zu allen Stunden die selben Teilnehmer*innen kommen.&nbsp;<\/p>\n\n\n\n<p>Es besteht gleichzeitig die M\u00f6glichkeit, einfache, leicht zu erlernende \u00dcbungen mit wechselnden Teilnehmer*innen in regelm\u00e4\u00dfigen Abst\u00e4nden durchzuf\u00fchren.&nbsp;<\/p>\n\n\n\n<p>Meine Vision ist es, alle Mitarbeitenden zu erreichen und somit ein ges\u00fcnderes, leistungsf\u00e4higeres und motivierteres Miteinander zu schaffen. <\/p>\n\n\n\n<p class=\"has-large-font-size\">Yoga<\/p>\n\n\n\n<p>Im Rahmen von Gesundheitstagen oder regelm\u00e4\u00dfigen, w\u00f6chentlichen Angeboten wird Ihren Mitarbeitenden die Essenz von Yoga n\u00e4her gebracht. Yoga ist nicht nur dasitzen im Schneidersitz und an nichts denken. Es geht vor alle um mehr Bewegungsspielraum, Kr\u00e4ftigung der St\u00fctzmuskulatur und Verbesserung des allgemeinen Wohlbefindens- Kombiniert mit Meditation und Entspannung wirkt Yoga au\u00dferdem positiv bei erh\u00f6htem Stressempfinden,&nbsp;\u00dcbergewicht&nbsp;oder Schmerzsymptomen, wie etwa&nbsp;R\u00fcckenbeschwerden&nbsp;oder&nbsp;Migr\u00e4ne.<\/p>\n\n\n\n<p class=\"has-large-font-size\">Starke K\u00f6rpermitte<\/p>\n\n\n\n<p>Eine der Hauptursachen f\u00fcr Krankmeldungen und Unwohlsein sind mittlerweile die Volkskrankheit R\u00fcckenschmerzen. 80% aller R\u00fcckenschmerzen sind unspezifisch und die Wahrscheinlichkeit f\u00fcr R\u00fcckenschmerzen steigt mit dem Lebensalter in Prozent. Zu den ausschlaggebenden Faktoren f\u00fcr unspezifische R\u00fcckenschmerzen geh\u00f6ren eine schwache Bauchmuskulatur, verk\u00fcrzte Muskeln, B\u00e4nder und Sehen auf den Beinr\u00fcckseiten und Blockaden im R\u00fcckenbereich durch zu wenig Bewegung. <\/p>\n\n\n\n<p>In dem Programm &#8222;starke Mitte&#8220; biete ich Bewegungskombinationen an, die den R\u00fccken mobilisieren, den Bauch st\u00e4rken und die Beinr\u00fcckseiten dehnen. <\/p>\n\n\n\n<p class=\"has-large-font-size\">Gesunde Ern\u00e4hrung<\/p>\n\n\n\n<p>Denke Sie oft daran, dass Sie sich eigentlich ges\u00fcnder Ern\u00e4hren wollen? Aber es hapert dann doch immer wieder bei der Umsetzung weil man so gerne das kocht, was man schon kennt oder Ihnen neue, leckere Rezepte fehlen?<\/p>\n\n\n\n<p>Ich biete Workshops mit Kochkursen an. Bei Ihnen Zuhause im Rahmen der Familie, in einem angemieteten Raum mit Freunden, oder in der Firma. Nehmen Sie Kontakt zu mir auf und wir schauen, auf was Sie Lust haben und wir suchen gemeinsam etwas leckeres &amp; gesundes aus, dass wir an einem Termin Ihrer Wahl gemeinsam zubereiten. <\/p>\n\n\n\n<p class=\"has-large-font-size\">Achtsamkeitstraining\/ Stressbew\u00e4ltigung<\/p>\n\n\n\n<p>Achtsamkeit hat jeder schonmal irgendwo geh\u00f6rt. Doch wie war das gleich mit der Umsetzung?<\/p>\n\n\n\n<p>Wenn Sie sich oft f\u00fchlen, als w\u00e4ren Sie in einem Hamsterrad gefangen, der Stress immer weiter zunimmt und die Ruhephasen immer k\u00fcrzer zu werden scheinen, wird es Zeit sich mit dem Thema Achtsamkeit genauer auseinanderzusetzen. Viele Menschen hetzen im Alltag von einer Situation zur n\u00e4chsten. Sie denken beim Fr\u00fchst\u00fcck daran, was auf der Arbeit ansteht und auf der Arbeit wird schon \u00fcberlegt was am Abend noch erledigt werden muss. Dem hier und Jetzt wird selten die volle Aufmerksamkeit geschenkt. Das verursacht Stress, der sich negativ auf die Gesundheit auswirkt. <\/p>\n\n\n\n<p>Im Grunde braucht es nicht viel um achtsam zu sein, man muss nur ganz im Hier und Jetzt, im gegenw\u00e4rtigen Moment sein, mit K\u00f6rper, Geist und Atmung. Alles wird bewusst wahrgenommen, ohne zu bewerten. So wird ein Abstand geschaffen zwischen reiz und Reaktion, der den Stress automatisch reduziert. <\/p>\n\n\n\n<p>Ob privat oder in der Firma, Sie k\u00f6nnen mich f\u00fcr gezielte Achtsamkeitstrainings buchen und nach einem kurzen Vorgespr\u00e4ch \u00fcberlegen wir gemeinsam was f\u00fcr Sie passend ist. <\/p>\n\n\n\n<p>Achtsamkeitstraining kann sich aus folgenden Elementen zusammensetzen: <\/p>\n\n\n\n<ul>\n<li>Geh- und Stehmeditationen<\/li>\n\n\n\n<li>Achtsames Laufen<\/li>\n\n\n\n<li>Achtsames Essen <\/li>\n\n\n\n<li>Meditationen um Kontakt mit dem Atem aufzunehmen<\/li>\n\n\n\n<li>Bodyscan<\/li>\n\n\n\n<li>Bewegungselemente wie Yoga oder Qi Gong <\/li>\n\n\n\n<li>Tiefenentspannung<\/li>\n\n\n\n<li>Progressive Muskelentspannung <\/li>\n<\/ul>\n","protected":false},"excerpt":{"rendered":"<p>Qi Gong Durch das regelm\u00e4\u00dfige Praktizieren von Qi Gong wird der Energiefluss im K\u00f6rper reguliert und harmonisiert, die Organe werden angeregt und gest\u00e4rkt und die &hellip; <\/p>\n","protected":false},"author":2,"featured_media":0,"parent":0,"menu_order":0,"comment_status":"closed","ping_status":"closed","template":"","meta":{"footnotes":""},"_links":{"self":[{"href":"https:\/\/www.sarah-herzlich.de\/index.php?rest_route=\/wp\/v2\/pages\/116"}],"collection":[{"href":"https:\/\/www.sarah-herzlich.de\/index.php?rest_route=\/wp\/v2\/pages"}],"about":[{"href":"https:\/\/www.sarah-herzlich.de\/index.php?rest_route=\/wp\/v2\/types\/page"}],"author":[{"embeddable":true,"href":"https:\/\/www.sarah-herzlich.de\/index.php?rest_route=\/wp\/v2\/users\/2"}],"replies":[{"embeddable":true,"href":"https:\/\/www.sarah-herzlich.de\/index.php?rest_route=%2Fwp%2Fv2%2Fcomments&post=116"}],"version-history":[{"count":3,"href":"https:\/\/www.sarah-herzlich.de\/index.php?rest_route=\/wp\/v2\/pages\/116\/revisions"}],"predecessor-version":[{"id":175,"href":"https:\/\/www.sarah-herzlich.de\/index.php?rest_route=\/wp\/v2\/pages\/116\/revisions\/175"}],"wp:attachment":[{"href":"https:\/\/www.sarah-herzlich.de\/index.php?rest_route=%2Fwp%2Fv2%2Fmedia&parent=116"}],"curies":[{"name":"wp","href":"https:\/\/api.w.org\/{rel}","templated":true}]}}